 of j and p.
19
Let p be 252780/1914 - 10/145. What is the highest common factor of p and 31812?
132
Suppose -222*t + 13419 = -213*t. Suppose -76*v = -10003 + t. What is the greatest common factor of 7 and v?
7
Let a = -99 + 102. Let q be (42/(-4))/((-1)/(a + 35)). Let k = 693 - q. Calculate the greatest common divisor of k and 21.
21
Suppose 34*n - 35*n - 2039 = -3*y, 0 = y - 4*n - 665. Let i = y - 573. What is the highest common factor of 60 and i?
12
Let q(s) = 28*s - 6. Let w(z) = -2*z - 16. Let v be w(-12). Let h be q(v). Let u = -140 + h. What is the highest common factor of u and 26?
26
Let s(m) = 3*m**2 + 52*m - 3*m + 12 + 4*m**2 - 16. Let b be s(-11). Calculate the greatest common factor of 19 and b.
19
Let i(j) = 3*j**3 + j**2 + 19*j - 165. Let b be i(4). What is the greatest common factor of 4998 and b?
119
Let u be 2/(136/95940) + (-9 - (-155)/17). Calculate the greatest common divisor of 17 and u.
17
Let u(x) = -2*x**3 + 11*x**2 + 42*x + 3. Let r be u(-3). Calculate the highest common divisor of 365 and r.
5
Suppose 5*s - o + 6 - 3 = 0, -2*s + 5*o + 8 = 0. Let a be -6*(3 + s + -5). Let u be 25 + (0 - 0) + (19 - a). Calculate the greatest common factor of 26 and u.
26
Suppose 468 = -4*n + 4*y, n - 3*y + 37 = -88. Let o = -111 - n. Let x(b) = -b**3 + 3*b**2. Let j be x(o). What is the highest common divisor of 8 and j?
4
Let i = 10 + 105. Let t = i + -230. Let q = t + 199. What is the greatest common divisor of q and 36?
12
Let v = -100 + 111. Suppose v*g - 9*g = 152. What is the greatest common factor of g and 4?
4
Let b = -98 + 97. Let d be ((-5)/25)/(b/55). Calculate the highest common divisor of 33 and d.
11
Let w(s) = s**3 - 176*s**2 - 170*s**2 + 4*s - 46 + 358*s**2. Let l be w(-11). Calculate the greatest common divisor of 124 and l.
31
Let g be (-1)/3 + 6/((-126)/(-2275)). Suppose -15*h - h + 1152 = 0. Calculate the highest common divisor of g and h.
36
Let v(b) = -b**2 - 11*b - 10. Let o(y) = -3*y**2 - 3*y - 1. Let n be o(-2). Let c be v(n). Let x = 1358 + -1340. What is the greatest common divisor of x and c?
18
Let l(d) = 124*d + 146. Let p(g) = -41*g - 49. Let k(i) = -6*l(i) - 17*p(i). Let h be k(-1). Calculate the highest common factor of h and 3.
1
Let f(w) = -w**3 - 4*w**2 + 3*w - 4. Let r be f(-5). Suppose 49*z = 50*z - 4. Let b(d) = -d + 28. Let l be b(z). What is the greatest common factor of r and l?
6
Let w(n) be the second derivative of n**4/12 - n**3/2 - n**2 + 16*n. Let y be w(3). Let v be -7*y*1*5/2. What is the highest common factor of v and 315?
35
Let y(c) be the third derivative of -c**6/120 + c**5/30 - c**4/24 - 2*c**3/3 + 33*c**2. Let z be y(-2). Calculate the highest common divisor of z and 91.
7
Suppose k + 20 + 8 = 5*c, 0 = -4*c + 12. Let w = 27 - k. What is the highest common factor of w and 30?
10
Let n = -547 - -1014. Suppose 11*m - n = 138. Calculate the greatest common factor of 15 and m.
5
Let u = 6518 + -6432. What is the greatest common divisor of 688 and u?
86
Suppose -63037 + 66612 = 13*w. What is the highest common factor of w and 800?
25
Suppose 110*w + 143*w - 1456 = 201*w. Suppose -1 = -2*c - 3*g + 22, c - 31 = 5*g. What is the highest common divisor of w and c?
4
Let i be (-1)/(-1)*-3*(-17 + 34 - 26). What is the highest common factor of i and 1323?
27
Suppose 15*v - 4*m = 19*v - 272, 0 = 5*v - 4*m - 304. What is the highest common divisor of v and 5344?
32
Suppose -2*z + 2 = -2*o, -8*z + 23 = o - 3*z. Suppose -3*s = -d - 1426, -o*s + 2*d = -0*d - 1421. Calculate the greatest common divisor of 9 and s.
9
Let x(i) = 91*i - 1799. Let v be x(24). What is the highest common divisor of 2915 and v?
55
Let k = 3392 - 3360. What is the greatest common divisor of 928 and k?
32
Let k(n) = 30*n**2 - 2*n - 3. Let h be k(-2). Let s be (-2)/26 - (-112056)/1131. What is the highest common factor of s and h?
11
Suppose -2*o = 2*o - 4. Let y(b) = 9*b**2 - 4*b - 5. Let u be y(-1). Let k be (5/(-80)*-4)/(2/u). Calculate the highest common divisor of o and k.
1
Let k(x) = 239*x + 1594. Let z be k(-6). What is the greatest common divisor of z and 195?
5
Suppose 4*w - 36 = -0. Suppose -93 = -5*k + 3*v, -k = 36*v - 40*v - 5. Calculate the greatest common factor of w and k.
3
Let d = 142 + -138. Suppose -5*v + q + 92 = 0, d*v - 16 = q + 57. Let z = 367 + -234. What is the greatest common factor of z and v?
19
Let b(t) = 30*t + 172. Let x be b(13). Suppose -s = 4*g - x, 5*g + 0*g = 15. Calculate the highest common divisor of s and 22.
22
Let t(n) = 2*n**3 + 5*n**2 - 3*n + 3. Let o be t(5). Suppose 6*u = 417 - o. What is the highest common divisor of u and 81?
9
Suppose 13 + 7 = 5*w. Suppose 122 - 18 = w*k. Suppose -4*g = 6*i - 3*i - 217, 205 = 4*g - i. Calculate the greatest common factor of k and g.
26
Suppose -14*k = -6670 + 1630. Suppose -6*t + t = -k. What is the highest common factor of t and 9?
9
Let n(x) = x**2 + 17*x - 651. Let a be n(-56). What is the highest common divisor of a and 441?
21
Suppose t + o = -764, 38*o - 3832 = 5*t + 39*o. Let n = -552 - t. Calculate the highest common factor of n and 43.
43
Suppose 405 + 167 = 13*z. Let j(x) = 2*x**2 - 12*x - 1. Let s be j(6). Let d be (s - -9) + (-36)/9. What is the highest common factor of z and d?
4
Let u(n) = -8*n**3 + n**2 + 2*n + 1. Let o be u(-1). Let g be 80/(-6)*((-375)/(-50) - 9). Calculate the greatest common divisor of o and g.
4
Suppose -c + 14 = -41*d + 42*d, -98 = -5*d + 2*c. What is the highest common factor of 720 and d?
18
Suppose 5*q - 2*q = 75. Let m(k) = k**3 - 14*k**2 + 13*k + 10. Suppose -7*w - 91 = -14*w. Let r be m(w). What is the highest common factor of r and q?
5
Let r = 423 + -411. Suppose 9*l - 27 = 5*l - v, -2*v = -3*l + r. Suppose 3*k + 9 = 6*k. What is the greatest common divisor of l and k?
3
Suppose -12*v = -25*v. Suppose 5*m + 8 - 18 = v. Suppose -m*y + 2*a = -74, 3*y + 5*a = 6*y - 121. What is the greatest common divisor of 256 and y?
32
Let f be (81/18)/((-12)/(-88)). Let y be (3 - 3)/(-1 + 2). Suppose -5*j + 50 + 60 = y. What is the highest common divisor of f and j?
11
Suppose 4*d + 4*o - 1100 = 0, -5*d + 899 = -5*o - 426. Let g = d + -180. Let x = -44 + 80. What is the highest common divisor of x and g?
18
Suppose 22921 = 271*h + 749 - 14684. What is the highest common divisor of 200 and h?
8
Suppose 6800 - 2081 = 121*r. Calculate the highest common factor of 8203 and r.
13
Suppose 2*c - 21 = 3*q, -c = -4*c - 5*q - 16. Suppose 63 = 3*b + c*s, -7*s = -4*b - 2*s + 75. What is the highest common factor of 580 and b?
20
Suppose -4*r - 57578 = -10*f, -11*f - 17280 = -14*f - r. What is the highest common factor of 26 and f?
13
Let k be 0*(5/(-10))/(-3 - -4). Suppose k = -3*z - 248 + 20. Let h = -51 - z. Calculate the greatest common factor of 10 and h.
5
Let l = 372 + -296. Suppose -l*p + 60 = -70*p. Calculate the highest common divisor of 85 and p.
5
Suppose 0 = 560*m - 564*m + 528. What is the greatest common divisor of 1068 and m?
12
Suppose -m - 243 = 5*a, a - 5*m + m + 36 = 0. Let i be (-30)/(-4)*(a/10)/(-1). Suppose 0 = -8*y + 9*y - 288. Calculate the greatest common divisor of y and i.
36
Suppose -9 = -2*l - v, 3*l + v - 3 = 3*v. Suppose -3*f + 3*r = -45, f = -l*r + 14 + 21. What is the highest common factor of f and 20?
20
Let q(o) = 32*o**2 + 58*o + 98. Let l be q(-8). Calculate the greatest common divisor of l and 58.
58
Let j = -3104 + 3370. Calculate the greatest common divisor of 140 and j.
14
Let h = 206 - 154. Suppose h = -l + 55. Calculate the greatest common factor of 27 and l.
3
Let a = 13129 + -13097. What is the highest common factor of a and 1084?
4
Let b(v) = -383*v + 1 - 434*v - 14 + 120*v. Let u be b(-2). Suppose 0 = 13*n - 725 - u. What is the highest common divisor of 18 and n?
18
Suppose i = -187 + 1003. Suppose -122*g - 723 = -6945. Calculate the greatest common divisor of g and i.
51
Let f(a) = -10*a**2 + 5*a - 51. Let z be f(8). Let c = z - -687. What is the highest common factor of c and 324?
36
Suppose -3*p + 2*p = 3*d, -2*d = 3*p + 28. Let l(k) = 2*k + 174. Let q be l(p). What is the greatest common divisor of 20 and q?
10
Let z(f) = -f - 10. Let d = -47 - -39. Let u be z(d). Let y be u*(-77)/2*12/14. Calculate the greatest common divisor of y and 44.
22
Let j(s) = 5*s**2 - 4*s - 2